{"id":1335,"date":"2017-01-07T09:53:03","date_gmt":"2017-01-07T08:53:03","guid":{"rendered":"https:\/\/bonbonladenundfeines.de\/wp2018\/produkt\/kirsch-banane-bonbons\/"},"modified":"2026-03-10T18:42:33","modified_gmt":"2026-03-10T17:42:33","slug":"kirsch-banane-bonbons","status":"publish","type":"product","link":"https:\/\/bonbonladenundfeines.de\/shop\/shop\/produkt\/kirsch-banane-bonbons\/","title":{"rendered":"Kirsch Banane Bonbons"},"content":{"rendered":"<p>Dieses Kirsch Banane Bonbon vereint zwei fruchtige Klassiker zu einem besonderen Geschmackserlebnis. Die s\u00fc\u00df-aromatische Banane trifft auf die leicht fruchtige, intensive Note reifer Kirschen und sorgt f\u00fcr eine harmonische Kombination. Beim Lutschen entfaltet sich die fruchtige Mischung angenehm und langanhaltend. Ein ideales Bonbon f\u00fcr alle, die au\u00dfergew\u00f6hnliche Fruchtkombinationen lieben.<\/p>\n<p>Bonbon Zutaten: Zucker, Glukosesirup; S\u00e4uerungsmittel: Citronens\u00e4ure; Farbstoff: Beeten Rot, Kurkumin; nat\u00fcrliches Kirscharoma, Aroma kj\/100g kcal\/100g Fett\/100g davongesaettigteFettsaueren\/100g Kohlenhydrate\/100g davonZucker\/100g Eiweiss\/100g Ballaststoffe\/100g 1559,5 375,0 0,0 0,0 90,6 90,2 0,1 0,0<\/p>\n","protected":false},"excerpt":{"rendered":"<p>KiBa zum lutschen ein muss!!<\/p>\n","protected":false},"featured_media":7377,"comment_status":"open","ping_status":"closed","template":"","meta":[],"product_brand":[],"product_cat":[8,11],"product_tag":[],"class_list":{"0":"post-1335","1":"product","2":"type-product","3":"status-publish","4":"has-post-thumbnail","6":"product_cat-alle-artikel","7":"product_cat-bonbons","9":"first","10":"instock","11":"taxable","12":"shipping-taxable","13":"purchasable","14":"product-type-variable"},"_links":{"self":[{"href":"https:\/\/bonbonladenundfeines.de\/shop\/wp-json\/wp\/v2\/product\/1335","targetHints":{"allow":["GET"]}}],"collection":[{"href":"https:\/\/bonbonladenundfeines.de\/shop\/wp-json\/wp\/v2\/product"}],"about":[{"href":"https:\/\/bonbonladenundfeines.de\/shop\/wp-json\/wp\/v2\/types\/product"}],"replies":[{"embeddable":true,"href":"https:\/\/bonbonladenundfeines.de\/shop\/wp-json\/wp\/v2\/comments?post=1335"}],"wp:featuredmedia":[{"embeddable":true,"href":"https:\/\/bonbonladenundfeines.de\/shop\/wp-json\/wp\/v2\/media\/7377"}],"wp:attachment":[{"href":"https:\/\/bonbonladenundfeines.de\/shop\/wp-json\/wp\/v2\/media?parent=1335"}],"wp:term":[{"taxonomy":"product_brand","embeddable":true,"href":"https:\/\/bonbonladenundfeines.de\/shop\/wp-json\/wp\/v2\/product_brand?post=1335"},{"taxonomy":"product_cat","embeddable":true,"href":"https:\/\/bonbonladenundfeines.de\/shop\/wp-json\/wp\/v2\/product_cat?post=1335"},{"taxonomy":"product_tag","embeddable":true,"href":"https:\/\/bonbonladenundfeines.de\/shop\/wp-json\/wp\/v2\/product_tag?post=1335"}],"curies":[{"name":"wp","href":"https:\/\/api.w.org\/{rel}","templated":true}]}}