{"id":152,"date":"2015-06-07T18:07:25","date_gmt":"2015-06-07T16:07:25","guid":{"rendered":"https:\/\/bonbonladenundfeines.de\/wp2018\/produkt\/brausetaler\/"},"modified":"2026-03-10T20:54:58","modified_gmt":"2026-03-10T19:54:58","slug":"brausetaler","status":"publish","type":"product","link":"https:\/\/bonbonladenundfeines.de\/shop\/shop\/produkt\/brausetaler\/","title":{"rendered":"Brausetaler"},"content":{"rendered":"<p>Diese Brausetaler sorgen f\u00fcr ein spritzig-prickelndes Nascherlebnis. Beim Lutschen entfaltet sich eine fruchtige S\u00fc\u00dfe, begleitet von einer angenehm sprudelnden Brausenote auf der Zunge. Das feine Prickeln macht jeden Bonbon zu einem kleinen Geschmackserlebnis. Perfekt f\u00fcr alle, die fruchtige S\u00fc\u00dfigkeiten mit einem erfrischenden Brausekick lieben.<\/p>\n<p>Zutaten: Zucker, Traubenzucker, Maltodextrin, S\u00e4uerungsmittel: L( )-Weins\u00e4ureund Citronens\u00e4ure, Natriumhydrogencarbonat, Trennmittel: Mono- und Diglyceride von Speisefetts\u00e4uren und Magnesiumsalze von Speisefetts\u00e4uren, Aroma,Glukosesirup, Farbstoffe: E104, E110, E124, E132 N\u00e4hrwertangaben pro 100 g: Brennwert: 1606 kJ \/ 378 kcal Fett: 1,6 g davon ges\u00e4ttigte Fetts\u00e4uren: 1,6 g Kohlenhydrate: 87 g davon Zucker: 70 g Eiwei\u00df: 0 g Salz: 2,6 g<\/p>\n","protected":false},"excerpt":{"rendered":"<p>Prickelnder Genuss auf der Zunge!<\/p>\n","protected":false},"featured_media":6349,"comment_status":"open","ping_status":"closed","template":"","meta":[],"product_brand":[],"product_cat":[8,9],"product_tag":[],"class_list":{"0":"post-152","1":"product","2":"type-product","3":"status-publish","4":"has-post-thumbnail","6":"product_cat-alle-artikel","7":"product_cat-fruchtgummi","9":"first","10":"instock","11":"taxable","12":"shipping-taxable","13":"purchasable","14":"product-type-variable"},"_links":{"self":[{"href":"https:\/\/bonbonladenundfeines.de\/shop\/wp-json\/wp\/v2\/product\/152","targetHints":{"allow":["GET"]}}],"collection":[{"href":"https:\/\/bonbonladenundfeines.de\/shop\/wp-json\/wp\/v2\/product"}],"about":[{"href":"https:\/\/bonbonladenundfeines.de\/shop\/wp-json\/wp\/v2\/types\/product"}],"replies":[{"embeddable":true,"href":"https:\/\/bonbonladenundfeines.de\/shop\/wp-json\/wp\/v2\/comments?post=152"}],"wp:featuredmedia":[{"embeddable":true,"href":"https:\/\/bonbonladenundfeines.de\/shop\/wp-json\/wp\/v2\/media\/6349"}],"wp:attachment":[{"href":"https:\/\/bonbonladenundfeines.de\/shop\/wp-json\/wp\/v2\/media?parent=152"}],"wp:term":[{"taxonomy":"product_brand","embeddable":true,"href":"https:\/\/bonbonladenundfeines.de\/shop\/wp-json\/wp\/v2\/product_brand?post=152"},{"taxonomy":"product_cat","embeddable":true,"href":"https:\/\/bonbonladenundfeines.de\/shop\/wp-json\/wp\/v2\/product_cat?post=152"},{"taxonomy":"product_tag","embeddable":true,"href":"https:\/\/bonbonladenundfeines.de\/shop\/wp-json\/wp\/v2\/product_tag?post=152"}],"curies":[{"name":"wp","href":"https:\/\/api.w.org\/{rel}","templated":true}]}}