{"id":1590,"date":"2018-01-09T07:08:55","date_gmt":"2018-01-09T06:08:55","guid":{"rendered":"https:\/\/bonbonladenundfeines.de\/wp2018\/produkt\/zitronen-salmiak-bits\/"},"modified":"2026-03-10T22:08:03","modified_gmt":"2026-03-10T21:08:03","slug":"zitronen-salmiak-bits","status":"publish","type":"product","link":"https:\/\/bonbonladenundfeines.de\/shop\/shop\/produkt\/zitronen-salmiak-bits\/","title":{"rendered":"Zitronen Salmiak  Bit\u00b4s"},"content":{"rendered":"<p>Diese gef\u00fcllten Lakritzst\u00fccke aus Finnland \u00fcberraschen mit einer spannenden Kombination aus frischer Zitrone und kr\u00e4ftigem Salmiak. Das aromatische Lakritz umschlie\u00dft eine fruchtig-w\u00fcrzige F\u00fcllung, die beim Kauen ihr intensives Aroma entfaltet. Die feine Zuckerschicht verleiht den Bits zus\u00e4tzlich eine angenehme S\u00fc\u00dfe. Ein au\u00dfergew\u00f6hnlicher Lakritzgenuss f\u00fcr alle, die fruchtige Frische und salzige W\u00fcrze lieben.<\/p>\n<p>&nbsp;<\/p>\n<p>Zutaten: Zucker, Weizenmehl, Glukosesirup, Melasse, Ammoniumchlorid, pflanzliches Fett (Soja\u00f6l, Palm\u00f6l, Raps\u00f6l, Shea-Kern\u00f6l), Gelatine, S\u00fc\u00dfholzextrakt, Salz, Stabilisator (E422), Aromen, Farbstoffe (E153, E 160 a , E171). Enth\u00e4lt Gluten N\u00e4hwerte pro 100g Energie 1395 kj (329) Fett 1,9g &#8211; davon ges\u00e4ttigt 0,7g Kohlenhydrate 73,8g &#8211; davon Zucker 56,0g Ballaststoff &lt;1,0g Eiwei\u00df 3,4g Salz 0,5g<\/p>\n","protected":false},"excerpt":{"rendered":"<p>gezuckerte gef\u00fcllte Lakritzst\u00fccke Zitronen7 Salmiak Bit\u00b4s<\/p>\n","protected":false},"featured_media":7453,"comment_status":"open","ping_status":"closed","template":"","meta":[],"product_brand":[],"product_cat":[8,10,24],"product_tag":[],"class_list":{"0":"post-1590","1":"product","2":"type-product","3":"status-publish","4":"has-post-thumbnail","6":"product_cat-alle-artikel","7":"product_cat-lakritz","8":"product_cat-suesslakritz","10":"first","11":"instock","12":"taxable","13":"shipping-taxable","14":"purchasable","15":"product-type-variable"},"_links":{"self":[{"href":"https:\/\/bonbonladenundfeines.de\/shop\/wp-json\/wp\/v2\/product\/1590","targetHints":{"allow":["GET"]}}],"collection":[{"href":"https:\/\/bonbonladenundfeines.de\/shop\/wp-json\/wp\/v2\/product"}],"about":[{"href":"https:\/\/bonbonladenundfeines.de\/shop\/wp-json\/wp\/v2\/types\/product"}],"replies":[{"embeddable":true,"href":"https:\/\/bonbonladenundfeines.de\/shop\/wp-json\/wp\/v2\/comments?post=1590"}],"wp:featuredmedia":[{"embeddable":true,"href":"https:\/\/bonbonladenundfeines.de\/shop\/wp-json\/wp\/v2\/media\/7453"}],"wp:attachment":[{"href":"https:\/\/bonbonladenundfeines.de\/shop\/wp-json\/wp\/v2\/media?parent=1590"}],"wp:term":[{"taxonomy":"product_brand","embeddable":true,"href":"https:\/\/bonbonladenundfeines.de\/shop\/wp-json\/wp\/v2\/product_brand?post=1590"},{"taxonomy":"product_cat","embeddable":true,"href":"https:\/\/bonbonladenundfeines.de\/shop\/wp-json\/wp\/v2\/product_cat?post=1590"},{"taxonomy":"product_tag","embeddable":true,"href":"https:\/\/bonbonladenundfeines.de\/shop\/wp-json\/wp\/v2\/product_tag?post=1590"}],"curies":[{"name":"wp","href":"https:\/\/api.w.org\/{rel}","templated":true}]}}