{"id":162,"date":"2015-06-07T18:31:27","date_gmt":"2015-06-07T16:31:27","guid":{"rendered":"https:\/\/bonbonladenundfeines.de\/wp2018\/produkt\/kaugummi-tennisbaelle\/"},"modified":"2026-03-10T20:48:49","modified_gmt":"2026-03-10T19:48:49","slug":"kaugummi-tennisbaelle","status":"publish","type":"product","link":"https:\/\/bonbonladenundfeines.de\/shop\/shop\/produkt\/kaugummi-tennisbaelle\/","title":{"rendered":"Kaugummi Tennisb\u00e4lle gro\u00df"},"content":{"rendered":"<p>Diese Tennisb\u00e4lle aus Kaugummi sorgen f\u00fcr sportlichen Kauspa\u00df mit einem fruchtig-s\u00fc\u00dfen Aroma. Die kleinen, detailreichen Kaugummis sehen echten Tennisb\u00e4llen zum Verwechseln \u00e4hnlich und sind ein echter Hingucker. Beim Kauen entfaltet sich ein angenehmer Fruchtgeschmack, der lange anh\u00e4lt. Perfekt f\u00fcr alle, die Kaugummi mit Spa\u00dffaktor lieben.<\/p>\n<p>&nbsp;<\/p>\n<p>Zutaten: Zucker, Glukosesirup, Kaumasse, Aroma, S\u00e4uerungsmittel: Apfels\u00e4ure E296, Feuchthaltemittel: Glycerin, Farbstoff: Kurkumin E100, Brillantblau FCF E133 N\u00e4hrwerte: Brennwert: 332,00 Kilokalorien (kcal) Brennwert: 1.411,00 Kilojoule (kJ) Kohlenhydrate: 83,00 Kohlenhydrate, davon Zucker: 74,00 Fett: 0,00 Fett, davon ges\u00e4ttigte Fetts\u00e4uren: 0,00 Eiwei\u00df: 0,00 Salz: 0,20<\/p>\n","protected":false},"excerpt":{"rendered":"<p>Tennisb\u00e4lle Kaugummi<\/p>\n","protected":false},"featured_media":6353,"comment_status":"open","ping_status":"closed","template":"","meta":[],"product_brand":[],"product_cat":[8,9],"product_tag":[],"class_list":{"0":"post-162","1":"product","2":"type-product","3":"status-publish","4":"has-post-thumbnail","6":"product_cat-alle-artikel","7":"product_cat-fruchtgummi","9":"first","10":"instock","11":"taxable","12":"shipping-taxable","13":"purchasable","14":"product-type-variable"},"_links":{"self":[{"href":"https:\/\/bonbonladenundfeines.de\/shop\/wp-json\/wp\/v2\/product\/162","targetHints":{"allow":["GET"]}}],"collection":[{"href":"https:\/\/bonbonladenundfeines.de\/shop\/wp-json\/wp\/v2\/product"}],"about":[{"href":"https:\/\/bonbonladenundfeines.de\/shop\/wp-json\/wp\/v2\/types\/product"}],"replies":[{"embeddable":true,"href":"https:\/\/bonbonladenundfeines.de\/shop\/wp-json\/wp\/v2\/comments?post=162"}],"wp:featuredmedia":[{"embeddable":true,"href":"https:\/\/bonbonladenundfeines.de\/shop\/wp-json\/wp\/v2\/media\/6353"}],"wp:attachment":[{"href":"https:\/\/bonbonladenundfeines.de\/shop\/wp-json\/wp\/v2\/media?parent=162"}],"wp:term":[{"taxonomy":"product_brand","embeddable":true,"href":"https:\/\/bonbonladenundfeines.de\/shop\/wp-json\/wp\/v2\/product_brand?post=162"},{"taxonomy":"product_cat","embeddable":true,"href":"https:\/\/bonbonladenundfeines.de\/shop\/wp-json\/wp\/v2\/product_cat?post=162"},{"taxonomy":"product_tag","embeddable":true,"href":"https:\/\/bonbonladenundfeines.de\/shop\/wp-json\/wp\/v2\/product_tag?post=162"}],"curies":[{"name":"wp","href":"https:\/\/api.w.org\/{rel}","templated":true}]}}