{"id":2682,"date":"2020-10-02T12:48:25","date_gmt":"2020-10-02T10:48:25","guid":{"rendered":"https:\/\/bonbonladenundfeines.de\/shop\/?post_type=product&#038;p=2682"},"modified":"2026-03-31T01:04:54","modified_gmt":"2026-03-30T23:04:54","slug":"mexicanos-wuerzige-kaese-nachos","status":"publish","type":"product","link":"https:\/\/bonbonladenundfeines.de\/shop\/shop\/produkt\/mexicanos-wuerzige-kaese-nachos\/","title":{"rendered":"Mexicanos w\u00fcrzige K\u00e4se Nachos 130 Gramm"},"content":{"rendered":"<div><b>Zutaten<\/b>:<\/div>\n<div class=\"margin-bottom\">Zutaten: Maismehl (64%), Sonnenblumen\u00f6l, Maisst\u00e4rke, S\u00dcSSMOLKENPULVER, nat\u00fcrliches Aroma, Speisesalz, Zucker, K\u00c4SEPULVER, Hefeextrakt, Zwiebelpulver, Knoblauchpulver, Emulgator (Mono- und Diglyceride von Speisefetts\u00e4uren), Gew\u00fcrze.Kann Spuren von GLUTENHALTIGEM GETREIDE enthalten.<\/div>\n<div><b>N\u00e4hrwerte pro 100g<\/b>:<\/div>\n<div class=\"margin-bottom\">Brennwert: 497,00 Kilokalorien (kcal) Brennwert: 2.083,00 Kilojoule (kJ) Fett: 22,00 Fett, davon ges\u00e4ttigte Fetts\u00e4uren: 2,20 Fett, davon einfach unges\u00e4ttigte Fetts\u00e4uren: 16,90 Fett, davon mehrfach unges\u00e4ttigte Fetts\u00e4uren: 2,90 Kohlenhydrate: 67,00 Kohlenhydrate, davon Zucker: 4,30 Eiwei\u00df: 5,80 Salz: 1,50 Ballaststoffe: 3,90<\/div>\n","protected":false},"excerpt":{"rendered":"<p>Kleine K\u00e4se Nachos &#8211; knusprig &#8211; w\u00fcrzig in 100 Gramm Beuteln<\/p>\n","protected":false},"featured_media":7464,"comment_status":"open","ping_status":"closed","template":"","meta":[],"product_brand":[],"product_cat":[8,13,18],"product_tag":[],"class_list":{"0":"post-2682","1":"product","2":"type-product","3":"status-publish","4":"has-post-thumbnail","6":"product_cat-alle-artikel","7":"product_cat-spezialitaeten","8":"product_cat-praesente-und-geschenke","10":"first","11":"instock","12":"taxable","13":"shipping-taxable","14":"purchasable","15":"product-type-simple"},"_links":{"self":[{"href":"https:\/\/bonbonladenundfeines.de\/shop\/wp-json\/wp\/v2\/product\/2682","targetHints":{"allow":["GET"]}}],"collection":[{"href":"https:\/\/bonbonladenundfeines.de\/shop\/wp-json\/wp\/v2\/product"}],"about":[{"href":"https:\/\/bonbonladenundfeines.de\/shop\/wp-json\/wp\/v2\/types\/product"}],"replies":[{"embeddable":true,"href":"https:\/\/bonbonladenundfeines.de\/shop\/wp-json\/wp\/v2\/comments?post=2682"}],"wp:featuredmedia":[{"embeddable":true,"href":"https:\/\/bonbonladenundfeines.de\/shop\/wp-json\/wp\/v2\/media\/7464"}],"wp:attachment":[{"href":"https:\/\/bonbonladenundfeines.de\/shop\/wp-json\/wp\/v2\/media?parent=2682"}],"wp:term":[{"taxonomy":"product_brand","embeddable":true,"href":"https:\/\/bonbonladenundfeines.de\/shop\/wp-json\/wp\/v2\/product_brand?post=2682"},{"taxonomy":"product_cat","embeddable":true,"href":"https:\/\/bonbonladenundfeines.de\/shop\/wp-json\/wp\/v2\/product_cat?post=2682"},{"taxonomy":"product_tag","embeddable":true,"href":"https:\/\/bonbonladenundfeines.de\/shop\/wp-json\/wp\/v2\/product_tag?post=2682"}],"curies":[{"name":"wp","href":"https:\/\/api.w.org\/{rel}","templated":true}]}}