{"id":270,"date":"2015-06-08T17:02:24","date_gmt":"2015-06-08T15:02:24","guid":{"rendered":"https:\/\/bonbonladenundfeines.de\/wp2018\/produkt\/apotheker-salmi\/"},"modified":"2026-03-10T22:24:13","modified_gmt":"2026-03-10T21:24:13","slug":"apotheker-salmi","status":"publish","type":"product","link":"https:\/\/bonbonladenundfeines.de\/shop\/shop\/produkt\/apotheker-salmi\/","title":{"rendered":"Apotheker Salmi"},"content":{"rendered":"<p>Sie sind salzig im Geschmack und durch das verwendete Salmiak stark im Aroma. Die kleinen Pastillen bieten idealen Lakritz-Genuss f\u00fcr zwischendurch. Mit den Meenk Salmiak-Splittern erhalten Sie echtes holl\u00e4ndisches Lakritz, so wie es seit vielen Jahren aus den Apotheken bekannt ist. Das Jahrhunderte alte Rezept wurde mit nat\u00fcrlichen Farbstoffen und Aromen verfeinert.<\/p>\n<p>Zutaten: Zucker, Salmiaksalz, S\u00fcssholzwurzel-Extrakt, Trennmittel (Talkum, Magnesiumstearat), Verdickungsmittel (Modifizierte Maisst\u00e4rke), Dextrose, Glukosesirup, Anis\u00f6l, Farbstoff (E153). N\u00e4hrwertangaben pro 100 gramm Brennwert 1315,00 kj 313,00 kcal Kohlenhydrate 71,00 gr Davon: Zucker 32,00 gr Eiweiss 6,00 gr Fett 0,60 gr Davon: ges\u00e4ttigte fetts\u00e4uren 0,60 gr Natrium 0,38 gr<\/p>\n","protected":false},"excerpt":{"rendered":"<p>Sie sind salzig im Geschmack und durch das verwendete Salmiak stark im Aroma. Die kleinen Pastillen bieten idealen Lakritz-Genuss f\u00fcr zwischendurch. Mit den Meenk Salmiak-Splittern erhalten Sie echtes holl\u00e4ndisches Lakritz, so wie es seit vielen Jahren aus den Apotheken bekannt ist. Das Jahrhunderte alte Rezept wurde mit nat\u00fcrlichen Farbstoffen und Aromen verfeinert.<\/p>\n","protected":false},"featured_media":7423,"comment_status":"open","ping_status":"closed","template":"","meta":[],"product_brand":[],"product_cat":[8,10,23],"product_tag":[],"class_list":{"0":"post-270","1":"product","2":"type-product","3":"status-publish","4":"has-post-thumbnail","6":"product_cat-alle-artikel","7":"product_cat-lakritz","8":"product_cat-salzlakritz","10":"first","11":"instock","12":"taxable","13":"shipping-taxable","14":"purchasable","15":"product-type-variable"},"_links":{"self":[{"href":"https:\/\/bonbonladenundfeines.de\/shop\/wp-json\/wp\/v2\/product\/270","targetHints":{"allow":["GET"]}}],"collection":[{"href":"https:\/\/bonbonladenundfeines.de\/shop\/wp-json\/wp\/v2\/product"}],"about":[{"href":"https:\/\/bonbonladenundfeines.de\/shop\/wp-json\/wp\/v2\/types\/product"}],"replies":[{"embeddable":true,"href":"https:\/\/bonbonladenundfeines.de\/shop\/wp-json\/wp\/v2\/comments?post=270"}],"wp:featuredmedia":[{"embeddable":true,"href":"https:\/\/bonbonladenundfeines.de\/shop\/wp-json\/wp\/v2\/media\/7423"}],"wp:attachment":[{"href":"https:\/\/bonbonladenundfeines.de\/shop\/wp-json\/wp\/v2\/media?parent=270"}],"wp:term":[{"taxonomy":"product_brand","embeddable":true,"href":"https:\/\/bonbonladenundfeines.de\/shop\/wp-json\/wp\/v2\/product_brand?post=270"},{"taxonomy":"product_cat","embeddable":true,"href":"https:\/\/bonbonladenundfeines.de\/shop\/wp-json\/wp\/v2\/product_cat?post=270"},{"taxonomy":"product_tag","embeddable":true,"href":"https:\/\/bonbonladenundfeines.de\/shop\/wp-json\/wp\/v2\/product_tag?post=270"}],"curies":[{"name":"wp","href":"https:\/\/api.w.org\/{rel}","templated":true}]}}