{"id":365,"date":"2015-06-10T18:51:58","date_gmt":"2015-06-10T16:51:58","guid":{"rendered":"https:\/\/bonbonladenundfeines.de\/wp2018\/produkt\/salz-pfeffer\/"},"modified":"2026-03-10T19:13:17","modified_gmt":"2026-03-10T18:13:17","slug":"salz-pfeffer","status":"publish","type":"product","link":"https:\/\/bonbonladenundfeines.de\/shop\/shop\/produkt\/salz-pfeffer\/","title":{"rendered":"Salz &amp; Pfeffer"},"content":{"rendered":"<p>Dieses Bonbon ist eine besondere Spezialit\u00e4t f\u00fcr echte Liebhaber kr\u00e4ftiger Aromen. Au\u00dfen entfaltet sich eine angenehm scharfe Note, die sofort f\u00fcr ein intensives Geschmackserlebnis sorgt. Im Inneren wartet eine salzige F\u00fcllung, die beim Lutschen langsam freigelegt wird und f\u00fcr eine spannende Geschmackskombination sorgt. Ein au\u00dfergew\u00f6hnliches Bonbon f\u00fcr alle, die es w\u00fcrzig, salzig und charakterstark m\u00f6gen.<\/p>\n<p>&nbsp;<\/p>\n<p>Zutaten: Zucker, Glukosesirup, S\u00fc\u00dfholzextrakt, Aroma, nat\u00fcrlicher Farbstoff: Eisenoxyd. Erwachsenenlakritz-nicht f\u00fcr Kinder geeignet! N\u00e4hrwertangaben je 100g: Brennwert_kj: 1482,8 Brennwert: 356,3 Fett: 0,0 davon ges\u00e4ttigte Fetts\u00e4uren: 0,0 Kohlenhydrate: 87,1 davon Zucker: 86,7 Eiwei\u00df: 0,1 Kochsalz: 0,0 Ballaststoffe: 0,0 Allergene:<\/p>\n","protected":false},"excerpt":{"rendered":"<p>Ein Bonbon f\u00fcr Liebhaber. Au\u00dfen scharf und innen salzig gef\u00fcllt.<\/p>\n","protected":false},"featured_media":7385,"comment_status":"open","ping_status":"closed","template":"","meta":[],"product_brand":[],"product_cat":[8,11],"product_tag":[],"class_list":{"0":"post-365","1":"product","2":"type-product","3":"status-publish","4":"has-post-thumbnail","6":"product_cat-alle-artikel","7":"product_cat-bonbons","9":"first","10":"instock","11":"taxable","12":"shipping-taxable","13":"purchasable","14":"product-type-variable"},"_links":{"self":[{"href":"https:\/\/bonbonladenundfeines.de\/shop\/wp-json\/wp\/v2\/product\/365","targetHints":{"allow":["GET"]}}],"collection":[{"href":"https:\/\/bonbonladenundfeines.de\/shop\/wp-json\/wp\/v2\/product"}],"about":[{"href":"https:\/\/bonbonladenundfeines.de\/shop\/wp-json\/wp\/v2\/types\/product"}],"replies":[{"embeddable":true,"href":"https:\/\/bonbonladenundfeines.de\/shop\/wp-json\/wp\/v2\/comments?post=365"}],"wp:featuredmedia":[{"embeddable":true,"href":"https:\/\/bonbonladenundfeines.de\/shop\/wp-json\/wp\/v2\/media\/7385"}],"wp:attachment":[{"href":"https:\/\/bonbonladenundfeines.de\/shop\/wp-json\/wp\/v2\/media?parent=365"}],"wp:term":[{"taxonomy":"product_brand","embeddable":true,"href":"https:\/\/bonbonladenundfeines.de\/shop\/wp-json\/wp\/v2\/product_brand?post=365"},{"taxonomy":"product_cat","embeddable":true,"href":"https:\/\/bonbonladenundfeines.de\/shop\/wp-json\/wp\/v2\/product_cat?post=365"},{"taxonomy":"product_tag","embeddable":true,"href":"https:\/\/bonbonladenundfeines.de\/shop\/wp-json\/wp\/v2\/product_tag?post=365"}],"curies":[{"name":"wp","href":"https:\/\/api.w.org\/{rel}","templated":true}]}}