{"id":4134,"date":"2022-02-24T18:08:45","date_gmt":"2022-02-24T17:08:45","guid":{"rendered":"https:\/\/bonbonladenundfeines.de\/shop\/?post_type=product&#038;p=4134"},"modified":"2026-03-10T19:36:07","modified_gmt":"2026-03-10T18:36:07","slug":"zuckerfreie-lakritz-blaetter-mild","status":"publish","type":"product","link":"https:\/\/bonbonladenundfeines.de\/shop\/shop\/produkt\/zuckerfreie-lakritz-blaetter-mild\/","title":{"rendered":"Zuckerfreie Cola Flaschen"},"content":{"rendered":"<p>Der beliebte Klassiker jetzt auch ohne Zucker: Diese Fruchtgummi Cola Flaschen \u00fcberzeugen mit ihrem typisch spritzigen Cola-Geschmack. Die weiche Konsistenz und das intensive Aroma sorgen f\u00fcr ein authentisches Nascherlebnis. S\u00fc\u00df, leicht erfrischend und voller Cola-Genuss \u2013 ganz ohne Zucker. Perfekt f\u00fcr alle, die den Kultgeschmack lieben und bewusst genie\u00dfen m\u00f6chten.<span class=\"Apple-converted-space\">\u00a0<\/span><\/p>\n","protected":false},"excerpt":{"rendered":"<p>ZUCKERFREI Lakritz Bl\u00e4tter mild<\/p>\n","protected":false},"featured_media":7405,"comment_status":"open","ping_status":"closed","template":"","meta":[],"product_brand":[],"product_cat":[8,9,12],"product_tag":[],"class_list":{"0":"post-4134","1":"product","2":"type-product","3":"status-publish","4":"has-post-thumbnail","6":"product_cat-alle-artikel","7":"product_cat-fruchtgummi","8":"product_cat-zuckerfrei","10":"first","11":"instock","12":"taxable","13":"shipping-taxable","14":"purchasable","15":"product-type-variable"},"_links":{"self":[{"href":"https:\/\/bonbonladenundfeines.de\/shop\/wp-json\/wp\/v2\/product\/4134","targetHints":{"allow":["GET"]}}],"collection":[{"href":"https:\/\/bonbonladenundfeines.de\/shop\/wp-json\/wp\/v2\/product"}],"about":[{"href":"https:\/\/bonbonladenundfeines.de\/shop\/wp-json\/wp\/v2\/types\/product"}],"replies":[{"embeddable":true,"href":"https:\/\/bonbonladenundfeines.de\/shop\/wp-json\/wp\/v2\/comments?post=4134"}],"wp:featuredmedia":[{"embeddable":true,"href":"https:\/\/bonbonladenundfeines.de\/shop\/wp-json\/wp\/v2\/media\/7405"}],"wp:attachment":[{"href":"https:\/\/bonbonladenundfeines.de\/shop\/wp-json\/wp\/v2\/media?parent=4134"}],"wp:term":[{"taxonomy":"product_brand","embeddable":true,"href":"https:\/\/bonbonladenundfeines.de\/shop\/wp-json\/wp\/v2\/product_brand?post=4134"},{"taxonomy":"product_cat","embeddable":true,"href":"https:\/\/bonbonladenundfeines.de\/shop\/wp-json\/wp\/v2\/product_cat?post=4134"},{"taxonomy":"product_tag","embeddable":true,"href":"https:\/\/bonbonladenundfeines.de\/shop\/wp-json\/wp\/v2\/product_tag?post=4134"}],"curies":[{"name":"wp","href":"https:\/\/api.w.org\/{rel}","templated":true}]}}