{"id":473,"date":"2015-06-11T06:37:39","date_gmt":"2015-06-11T04:37:39","guid":{"rendered":"https:\/\/bonbonladenundfeines.de\/wp2018\/produkt\/goldnuesse\/"},"modified":"2026-03-10T19:06:36","modified_gmt":"2026-03-10T18:06:36","slug":"goldnuesse","status":"publish","type":"product","link":"https:\/\/bonbonladenundfeines.de\/shop\/shop\/produkt\/goldnuesse\/","title":{"rendered":"Goldn\u00fcsse"},"content":{"rendered":"<p>Diese besonderen Bonbons sind ein echter Hingucker: In einer edlen goldenen H\u00fclle verbirgt sich eine Schokocreme mit 23 % Anteil. Beim Lutschen entfaltet sich zun\u00e4chst die s\u00fc\u00dfe Bonbonh\u00fclle, bevor die cremige Schokoladenf\u00fcllung f\u00fcr einen besonders vollmundigen Genuss sorgt. Die Kombination aus knisternder H\u00fclle und feiner Schokolade macht jeden Bonbon zu einem kleinen Luxusmoment. Perfekt f\u00fcr alle, die Bonbons mit einer cremigen \u00dcberraschung lieben.<\/p>\n<p>Zutaten: Zucker, Glukosesirup, pflanzliche \u00d6le und Fette ( Palm,Raps),fettarmes Kakaopulver, Molkenerzeugnis, Sojamehl, Emulgator, Soja-Lecithin, Aromen, Beta Carotin, Ammoniak-Zuckerkul\u00f6r. Allergene: Enth\u00e4t Milchbestandteile und Soja . Kann Haseln\u00fcsse enthalten. N\u00e4hrwerte Brennwert: 409,00 Kilokalorien (kcal) Brennwert: 1.731,70 Kilojoule (kJ) Fett: 5,10 Fett, davon ges\u00e4ttigte Fetts\u00e4uren: 1,60 Kohlenhydrate: 89,40 Kohlenhydrate, davon Zucker: 68,30 Eiwei\u00df: 1,40 Salz: 0,10<\/p>\n","protected":false},"excerpt":{"rendered":"<p>Bonbons mit 23% Schokocreme.<\/p>\n","protected":false},"featured_media":6748,"comment_status":"open","ping_status":"closed","template":"","meta":[],"product_brand":[],"product_cat":[8,11],"product_tag":[],"class_list":{"0":"post-473","1":"product","2":"type-product","3":"status-publish","4":"has-post-thumbnail","6":"product_cat-alle-artikel","7":"product_cat-bonbons","9":"first","10":"instock","11":"taxable","12":"shipping-taxable","13":"purchasable","14":"product-type-variable"},"_links":{"self":[{"href":"https:\/\/bonbonladenundfeines.de\/shop\/wp-json\/wp\/v2\/product\/473","targetHints":{"allow":["GET"]}}],"collection":[{"href":"https:\/\/bonbonladenundfeines.de\/shop\/wp-json\/wp\/v2\/product"}],"about":[{"href":"https:\/\/bonbonladenundfeines.de\/shop\/wp-json\/wp\/v2\/types\/product"}],"replies":[{"embeddable":true,"href":"https:\/\/bonbonladenundfeines.de\/shop\/wp-json\/wp\/v2\/comments?post=473"}],"wp:featuredmedia":[{"embeddable":true,"href":"https:\/\/bonbonladenundfeines.de\/shop\/wp-json\/wp\/v2\/media\/6748"}],"wp:attachment":[{"href":"https:\/\/bonbonladenundfeines.de\/shop\/wp-json\/wp\/v2\/media?parent=473"}],"wp:term":[{"taxonomy":"product_brand","embeddable":true,"href":"https:\/\/bonbonladenundfeines.de\/shop\/wp-json\/wp\/v2\/product_brand?post=473"},{"taxonomy":"product_cat","embeddable":true,"href":"https:\/\/bonbonladenundfeines.de\/shop\/wp-json\/wp\/v2\/product_cat?post=473"},{"taxonomy":"product_tag","embeddable":true,"href":"https:\/\/bonbonladenundfeines.de\/shop\/wp-json\/wp\/v2\/product_tag?post=473"}],"curies":[{"name":"wp","href":"https:\/\/api.w.org\/{rel}","templated":true}]}}