{"id":509,"date":"2015-06-12T09:40:41","date_gmt":"2015-06-12T07:40:41","guid":{"rendered":"https:\/\/bonbonladenundfeines.de\/wp2018\/produkt\/hustenmischung\/"},"modified":"2026-03-10T18:56:32","modified_gmt":"2026-03-10T17:56:32","slug":"hustenmischung","status":"publish","type":"product","link":"https:\/\/bonbonladenundfeines.de\/shop\/shop\/produkt\/hustenmischung\/","title":{"rendered":"Hustenmischung"},"content":{"rendered":"<p>Diese bunte Mischung vereint verschiedene aromatische Kr\u00e4uterbonbons zu einem wohltuenden Genuss. Die sorgf\u00e4ltig ausgew\u00e4hlten Kr\u00e4uternoten sorgen f\u00fcr ein angenehm w\u00fcrziges und erfrischendes Geschmackserlebnis. Beim Lutschen entfalten sich die unterschiedlichen Aromen nach und nach und bringen wohltuende Abwechslung. Eine klassische Bonbonmischung f\u00fcr alle, die den nat\u00fcrlichen Geschmack von Kr\u00e4utern sch\u00e4tzen.<\/p>\n<p>Zutaten: Zucker, Glukosesirup, \u00e4therische \u00d6le, Bienenhonig, Malz, nat\u00fcrliche Farbstoffe: Eisenoxyd, Curcuma, Paprikaextrakt, Rote Beteextrakt, Chlorophyllin. N\u00e4hrwertangaben je 100g: Brennwert_kj: 1527,9 Brennwert: 367,2 Fett: 0,0 davon ges\u00e4ttigte Fetts\u00e4uren: 0,0 Kohlenhydrate: 89,7 davon Zucker: 89,3 Eiwei\u00df: 0,1 Kochsalz: 0,0 Ballaststoffe: 0,0 Allergene:<\/p>\n","protected":false},"excerpt":{"rendered":"<p>Bunte Mischung aus verschiedenen Kr\u00e4uterbonbons .Wohltuend .<\/p>\n","protected":false},"featured_media":7374,"comment_status":"open","ping_status":"closed","template":"","meta":[],"product_brand":[],"product_cat":[8,11],"product_tag":[],"class_list":{"0":"post-509","1":"product","2":"type-product","3":"status-publish","4":"has-post-thumbnail","6":"product_cat-alle-artikel","7":"product_cat-bonbons","9":"first","10":"instock","11":"taxable","12":"shipping-taxable","13":"purchasable","14":"product-type-variable"},"_links":{"self":[{"href":"https:\/\/bonbonladenundfeines.de\/shop\/wp-json\/wp\/v2\/product\/509","targetHints":{"allow":["GET"]}}],"collection":[{"href":"https:\/\/bonbonladenundfeines.de\/shop\/wp-json\/wp\/v2\/product"}],"about":[{"href":"https:\/\/bonbonladenundfeines.de\/shop\/wp-json\/wp\/v2\/types\/product"}],"replies":[{"embeddable":true,"href":"https:\/\/bonbonladenundfeines.de\/shop\/wp-json\/wp\/v2\/comments?post=509"}],"wp:featuredmedia":[{"embeddable":true,"href":"https:\/\/bonbonladenundfeines.de\/shop\/wp-json\/wp\/v2\/media\/7374"}],"wp:attachment":[{"href":"https:\/\/bonbonladenundfeines.de\/shop\/wp-json\/wp\/v2\/media?parent=509"}],"wp:term":[{"taxonomy":"product_brand","embeddable":true,"href":"https:\/\/bonbonladenundfeines.de\/shop\/wp-json\/wp\/v2\/product_brand?post=509"},{"taxonomy":"product_cat","embeddable":true,"href":"https:\/\/bonbonladenundfeines.de\/shop\/wp-json\/wp\/v2\/product_cat?post=509"},{"taxonomy":"product_tag","embeddable":true,"href":"https:\/\/bonbonladenundfeines.de\/shop\/wp-json\/wp\/v2\/product_tag?post=509"}],"curies":[{"name":"wp","href":"https:\/\/api.w.org\/{rel}","templated":true}]}}