{"id":519,"date":"2015-06-12T10:12:04","date_gmt":"2015-06-12T08:12:04","guid":{"rendered":"https:\/\/bonbonladenundfeines.de\/wp2018\/produkt\/pfefferminz-kissen\/"},"modified":"2026-03-10T18:55:25","modified_gmt":"2026-03-10T17:55:25","slug":"pfefferminz-kissen","status":"publish","type":"product","link":"https:\/\/bonbonladenundfeines.de\/shop\/shop\/produkt\/pfefferminz-kissen\/","title":{"rendered":"Pfefferminz Kissen mit Schoko"},"content":{"rendered":"<p>Diese Pfefferminz Kissen Bonbons verbinden erfrischende Minze mit einer \u00fcberraschend zarten Schokoladenf\u00fcllung. Die gl\u00e4nzende Oberfl\u00e4che macht sie schon optisch zu einem kleinen Klassiker unter den Bonbons. Beim Lutschen entfaltet sich zuerst die klare Pfefferminzfrische, bevor die feine, cremige Schokolade im Inneren f\u00fcr einen s\u00fc\u00dfen Genussmoment sorgt. Eine besondere Kombination aus Frische und Schokolade, die einfach begeistert.<\/p>\n<p>Zutaten: Zucker, Glukosesirup, pflanzliche \u00d6le und Fette (Palm, Raps), fettarmes Kakaopulver, MOLKENERZEUGNIS, SOJAMEHL, Emulgator SOJA-LECIHIN, Aromen, Farbstoffe Beta Carotin, Echtes Karmin N\u00e4hrwerte Brennwert: 404,00 Kilokalorien (kcal) Brennwert: 1.711,40 Kilojoule (kJ) Fett: 4,40 Fett, davon ges\u00e4ttigte Fetts\u00e4uren: 1,30 Kohlenhydrate: 89,80 Kohlenhydrate, davon Zucker: 67,80 Eiwei\u00df: 1,40 Salz:<\/p>\n","protected":false},"excerpt":{"rendered":"<p>Ein Pfefferminz Kissen gef\u00fcllt mit Schoko .<\/p>\n","protected":false},"featured_media":6831,"comment_status":"open","ping_status":"closed","template":"","meta":[],"product_brand":[],"product_cat":[8,11],"product_tag":[],"class_list":{"0":"post-519","1":"product","2":"type-product","3":"status-publish","4":"has-post-thumbnail","6":"product_cat-alle-artikel","7":"product_cat-bonbons","9":"first","10":"instock","11":"taxable","12":"shipping-taxable","13":"purchasable","14":"product-type-variable"},"_links":{"self":[{"href":"https:\/\/bonbonladenundfeines.de\/shop\/wp-json\/wp\/v2\/product\/519","targetHints":{"allow":["GET"]}}],"collection":[{"href":"https:\/\/bonbonladenundfeines.de\/shop\/wp-json\/wp\/v2\/product"}],"about":[{"href":"https:\/\/bonbonladenundfeines.de\/shop\/wp-json\/wp\/v2\/types\/product"}],"replies":[{"embeddable":true,"href":"https:\/\/bonbonladenundfeines.de\/shop\/wp-json\/wp\/v2\/comments?post=519"}],"wp:featuredmedia":[{"embeddable":true,"href":"https:\/\/bonbonladenundfeines.de\/shop\/wp-json\/wp\/v2\/media\/6831"}],"wp:attachment":[{"href":"https:\/\/bonbonladenundfeines.de\/shop\/wp-json\/wp\/v2\/media?parent=519"}],"wp:term":[{"taxonomy":"product_brand","embeddable":true,"href":"https:\/\/bonbonladenundfeines.de\/shop\/wp-json\/wp\/v2\/product_brand?post=519"},{"taxonomy":"product_cat","embeddable":true,"href":"https:\/\/bonbonladenundfeines.de\/shop\/wp-json\/wp\/v2\/product_cat?post=519"},{"taxonomy":"product_tag","embeddable":true,"href":"https:\/\/bonbonladenundfeines.de\/shop\/wp-json\/wp\/v2\/product_tag?post=519"}],"curies":[{"name":"wp","href":"https:\/\/api.w.org\/{rel}","templated":true}]}}