{"id":521,"date":"2015-06-12T10:16:36","date_gmt":"2015-06-12T08:16:36","guid":{"rendered":"https:\/\/bonbonladenundfeines.de\/wp2018\/produkt\/himbeer-vanille\/"},"modified":"2026-03-10T18:53:47","modified_gmt":"2026-03-10T17:53:47","slug":"himbeer-vanille","status":"publish","type":"product","link":"https:\/\/bonbonladenundfeines.de\/shop\/shop\/produkt\/himbeer-vanille\/","title":{"rendered":"Himbeer &#038; Vanille"},"content":{"rendered":"<p>Fruchtige Himbeere trifft bei diesem Bonbon auf eine sanfte, cremige Vanillenote. Die s\u00fc\u00df-s\u00e4uerliche Fruchtigkeit der Himbeere verbindet sich harmonisch mit der milden S\u00fc\u00dfe der Vanille und sorgt f\u00fcr ein besonders ausgewogenes Geschmackserlebnis. Beim Lutschen entfaltet sich die Kombination angenehm weich und aromatisch. Ein feiner Bonbongenuss f\u00fcr alle, die fruchtige Frische mit einer cremigen Note lieben.<\/p>\n<p>Zutaten: Zucker, Glukosesirup, S\u00e4uerungsmittel: Citronens\u00e4ure; Aroma, nat\u00fcrliche Farbstoffe: Rote Beteextrakt, Curcuma. N\u00e4hrwertangaben je 100g: Brennwert_kj: 1558,8 Brennwert: 374,6 Fett: 0,0 davon ges\u00e4ttigte Fetts\u00e4uren: 0,0 Kohlenhydrate: 90,7 davon Zucker: 90,3 Eiwei\u00df: 0,1 Kochsalz: 0,0 Ballaststoffe: 0,0 Allergene:<\/p>\n","protected":false},"excerpt":{"rendered":"<p>Einfach nur lecker.<\/p>\n","protected":false},"featured_media":7149,"comment_status":"open","ping_status":"closed","template":"","meta":[],"product_brand":[],"product_cat":[8,11],"product_tag":[],"class_list":{"0":"post-521","1":"product","2":"type-product","3":"status-publish","4":"has-post-thumbnail","6":"product_cat-alle-artikel","7":"product_cat-bonbons","9":"first","10":"instock","11":"taxable","12":"shipping-taxable","13":"purchasable","14":"product-type-variable"},"_links":{"self":[{"href":"https:\/\/bonbonladenundfeines.de\/shop\/wp-json\/wp\/v2\/product\/521","targetHints":{"allow":["GET"]}}],"collection":[{"href":"https:\/\/bonbonladenundfeines.de\/shop\/wp-json\/wp\/v2\/product"}],"about":[{"href":"https:\/\/bonbonladenundfeines.de\/shop\/wp-json\/wp\/v2\/types\/product"}],"replies":[{"embeddable":true,"href":"https:\/\/bonbonladenundfeines.de\/shop\/wp-json\/wp\/v2\/comments?post=521"}],"wp:featuredmedia":[{"embeddable":true,"href":"https:\/\/bonbonladenundfeines.de\/shop\/wp-json\/wp\/v2\/media\/7149"}],"wp:attachment":[{"href":"https:\/\/bonbonladenundfeines.de\/shop\/wp-json\/wp\/v2\/media?parent=521"}],"wp:term":[{"taxonomy":"product_brand","embeddable":true,"href":"https:\/\/bonbonladenundfeines.de\/shop\/wp-json\/wp\/v2\/product_brand?post=521"},{"taxonomy":"product_cat","embeddable":true,"href":"https:\/\/bonbonladenundfeines.de\/shop\/wp-json\/wp\/v2\/product_cat?post=521"},{"taxonomy":"product_tag","embeddable":true,"href":"https:\/\/bonbonladenundfeines.de\/shop\/wp-json\/wp\/v2\/product_tag?post=521"}],"curies":[{"name":"wp","href":"https:\/\/api.w.org\/{rel}","templated":true}]}}