{"id":523,"date":"2015-06-12T10:20:32","date_gmt":"2015-06-12T08:20:32","guid":{"rendered":"https:\/\/bonbonladenundfeines.de\/wp2018\/produkt\/frische-brise\/"},"modified":"2026-03-10T18:53:05","modified_gmt":"2026-03-10T17:53:05","slug":"frische-brise","status":"publish","type":"product","link":"https:\/\/bonbonladenundfeines.de\/shop\/shop\/produkt\/frische-brise\/","title":{"rendered":"Frische Brise"},"content":{"rendered":"<p>Frisch wie eine steife Brise an der K\u00fcste: Dieses Bonbon sorgt f\u00fcr ein intensives und belebendes Geschmackserlebnis. Kr\u00e4ftiges Pfefferminz\u00f6l trifft auf eine feine Prise Menthol und entfaltet beim Lutschen eine herrlich klare Frische. Der k\u00fchle, aromatische Geschmack erinnert an den frischen Wind im Norden. Holen Sie sich mit jedem Bonbon ein St\u00fcck K\u00fcstenfrische nach Hause.<\/p>\n<p>Zutaten: Zucker, Glukosesirup, S\u00e4uerungsmittel: Citronens\u00e4ure; Aroma, nat\u00fcrliche Farbstoffe: Rote Beteextrakt, Curcuma, Paprikaextrakt, Eisenoxyd, Chlorophyllin. N\u00e4hrwertangaben je 100g: Brennwert_kj: 1562,7 Brennwert: 375,5 Fett: 0,0 davon ges\u00e4ttigte Fetts\u00e4uren: 0,0 Kohlenhydrate: 91,8 davon Zucker: 91,4 Eiwei\u00df: 0,1 Kochsalz: 0,0 Ballaststoffe: 0,0 Allergene:<\/p>\n","protected":false},"excerpt":{"rendered":"<p>Frisch wie der Wind im Norden ist dieses Bonbon. Mit ordentlich Pfefferminz\u00f6l und einer Prise Menthol &#8211; holen Sie sich den Geschmack der K\u00fcste!<\/p>\n","protected":false},"featured_media":7368,"comment_status":"open","ping_status":"closed","template":"","meta":[],"product_brand":[],"product_cat":[8,11],"product_tag":[],"class_list":{"0":"post-523","1":"product","2":"type-product","3":"status-publish","4":"has-post-thumbnail","6":"product_cat-alle-artikel","7":"product_cat-bonbons","9":"first","10":"instock","11":"taxable","12":"shipping-taxable","13":"purchasable","14":"product-type-variable"},"_links":{"self":[{"href":"https:\/\/bonbonladenundfeines.de\/shop\/wp-json\/wp\/v2\/product\/523","targetHints":{"allow":["GET"]}}],"collection":[{"href":"https:\/\/bonbonladenundfeines.de\/shop\/wp-json\/wp\/v2\/product"}],"about":[{"href":"https:\/\/bonbonladenundfeines.de\/shop\/wp-json\/wp\/v2\/types\/product"}],"replies":[{"embeddable":true,"href":"https:\/\/bonbonladenundfeines.de\/shop\/wp-json\/wp\/v2\/comments?post=523"}],"wp:featuredmedia":[{"embeddable":true,"href":"https:\/\/bonbonladenundfeines.de\/shop\/wp-json\/wp\/v2\/media\/7368"}],"wp:attachment":[{"href":"https:\/\/bonbonladenundfeines.de\/shop\/wp-json\/wp\/v2\/media?parent=523"}],"wp:term":[{"taxonomy":"product_brand","embeddable":true,"href":"https:\/\/bonbonladenundfeines.de\/shop\/wp-json\/wp\/v2\/product_brand?post=523"},{"taxonomy":"product_cat","embeddable":true,"href":"https:\/\/bonbonladenundfeines.de\/shop\/wp-json\/wp\/v2\/product_cat?post=523"},{"taxonomy":"product_tag","embeddable":true,"href":"https:\/\/bonbonladenundfeines.de\/shop\/wp-json\/wp\/v2\/product_tag?post=523"}],"curies":[{"name":"wp","href":"https:\/\/api.w.org\/{rel}","templated":true}]}}