{"id":817,"date":"2015-06-14T11:38:39","date_gmt":"2015-06-14T09:38:39","guid":{"rendered":"https:\/\/bonbonladenundfeines.de\/wp2018\/produkt\/kir-royal-trueffel\/"},"modified":"2026-02-23T18:23:07","modified_gmt":"2026-02-23T17:23:07","slug":"kir-royal-trueffel","status":"publish","type":"product","link":"https:\/\/bonbonladenundfeines.de\/shop\/shop\/produkt\/kir-royal-trueffel\/","title":{"rendered":"Kir Royal Tr\u00fcffel"},"content":{"rendered":"<p>Feine Buttertr\u00fcffel mit &#8220; Marc de Champagner &#8220; Casssis P\u00fcree und Cassislik\u00f6r abgerundet, von wei\u00dfer Kuvert\u00fcre umh\u00fcllt und in Cassispulver gerollt. Zutaten: Zucker, Kakaobutter, Vollmilchpulver, Glukosesirup, Butter, Kondensmilch, &#8222;Marc de Champagne&#8220; (2,8%), Cassisp\u00fcree (2,8%), Maltodextrin, Cassislik\u00f6r (1,9%), Cassispulver (1,6%), Wasser, Emulgator, Sojalecithin, S\u00e4uerungsmittel, Zitronens\u00e4ure, Vanilleextrakt. Allergene: Kann Spuren von Schalenfr\u00fcchten enthalten ! N\u00e4hrwerte pro 100g Energie 2039 kj 487 kacl Fett 27g davon ges\u00e4ttigte Fetts\u00e4uren 16g Kohlenhydrate 55g davon Zucker 52g Eiwei\u00df 4,2g Salz 0,16g<\/p>\n","protected":false},"excerpt":{"rendered":"<p>Feine Buttertr\u00fcffel mit &#8220; Marc de Champagner &#8220; Casssis P\u00fcree und Cassislik\u00f6r<\/p>\n","protected":false},"featured_media":6647,"comment_status":"open","ping_status":"closed","template":"","meta":[],"product_brand":[],"product_cat":[8,14],"product_tag":[],"class_list":{"0":"post-817","1":"product","2":"type-product","3":"status-publish","4":"has-post-thumbnail","6":"product_cat-alle-artikel","7":"product_cat-pralinen-trueffel","9":"first","10":"instock","11":"taxable","12":"shipping-taxable","13":"purchasable","14":"product-type-variable"},"_links":{"self":[{"href":"https:\/\/bonbonladenundfeines.de\/shop\/wp-json\/wp\/v2\/product\/817","targetHints":{"allow":["GET"]}}],"collection":[{"href":"https:\/\/bonbonladenundfeines.de\/shop\/wp-json\/wp\/v2\/product"}],"about":[{"href":"https:\/\/bonbonladenundfeines.de\/shop\/wp-json\/wp\/v2\/types\/product"}],"replies":[{"embeddable":true,"href":"https:\/\/bonbonladenundfeines.de\/shop\/wp-json\/wp\/v2\/comments?post=817"}],"wp:featuredmedia":[{"embeddable":true,"href":"https:\/\/bonbonladenundfeines.de\/shop\/wp-json\/wp\/v2\/media\/6647"}],"wp:attachment":[{"href":"https:\/\/bonbonladenundfeines.de\/shop\/wp-json\/wp\/v2\/media?parent=817"}],"wp:term":[{"taxonomy":"product_brand","embeddable":true,"href":"https:\/\/bonbonladenundfeines.de\/shop\/wp-json\/wp\/v2\/product_brand?post=817"},{"taxonomy":"product_cat","embeddable":true,"href":"https:\/\/bonbonladenundfeines.de\/shop\/wp-json\/wp\/v2\/product_cat?post=817"},{"taxonomy":"product_tag","embeddable":true,"href":"https:\/\/bonbonladenundfeines.de\/shop\/wp-json\/wp\/v2\/product_tag?post=817"}],"curies":[{"name":"wp","href":"https:\/\/api.w.org\/{rel}","templated":true}]}}