{"id":987,"date":"2015-10-04T14:55:07","date_gmt":"2015-10-04T12:55:07","guid":{"rendered":"https:\/\/bonbonladenundfeines.de\/wp2018\/produkt\/lebenswecker\/"},"modified":"2026-03-10T18:44:02","modified_gmt":"2026-03-10T17:44:02","slug":"lebenswecker","status":"publish","type":"product","link":"https:\/\/bonbonladenundfeines.de\/shop\/shop\/produkt\/lebenswecker\/","title":{"rendered":"Lebenswecker"},"content":{"rendered":"<p>Ein echter Klassiker f\u00fcr alle, die es besonders frisch m\u00f6gen: Das Lebenswecker Bonbon \u00fcberzeugt mit intensivem Pfefferminzgeschmack und einem hohen Mentholgehalt. Schon beim ersten Moment entfaltet sich eine kr\u00e4ftige, belebende Frische auf der Zunge. Das klare, starke Aroma sorgt f\u00fcr ein langanhaltendes Frischegef\u00fchl beim Lutschen. Ideal f\u00fcr alle, die ein besonders erfrischendes Pfefferminzbonbon sch\u00e4tzen.<span class=\"Apple-converted-space\">\u00a0<\/span><\/p>\n<p>Zutaten: Zucker, Glukosesirup, Pflanzenfett geh\u00e4rtet, Butterfett, gezuckerte Kondensvollmilch, Kakao, S\u00fc\u00dfmolkenpulver, Aroma, Speisesalz N\u00e4hrwertangaben je 100g: Brennwert_kj: 1562,7 Brennwert: 375,5 Fett: 0,0 davon ges\u00e4ttigte Fetts\u00e4uren: 0,0 Kohlenhydrate: 91,8 davon Zucker: 91,4 Eiwei\u00df: 0,1 Kochsalz: 0,0 Ballaststoffe: 0,0 Allergene:<\/p>\n","protected":false},"excerpt":{"rendered":"<p>Pfefferminzbonbon mit hohem Metholgehalt.<\/p>\n","protected":false},"featured_media":7150,"comment_status":"open","ping_status":"closed","template":"","meta":[],"product_brand":[],"product_cat":[8,11],"product_tag":[],"class_list":{"0":"post-987","1":"product","2":"type-product","3":"status-publish","4":"has-post-thumbnail","6":"product_cat-alle-artikel","7":"product_cat-bonbons","9":"first","10":"instock","11":"taxable","12":"shipping-taxable","13":"purchasable","14":"product-type-variable"},"_links":{"self":[{"href":"https:\/\/bonbonladenundfeines.de\/shop\/wp-json\/wp\/v2\/product\/987","targetHints":{"allow":["GET"]}}],"collection":[{"href":"https:\/\/bonbonladenundfeines.de\/shop\/wp-json\/wp\/v2\/product"}],"about":[{"href":"https:\/\/bonbonladenundfeines.de\/shop\/wp-json\/wp\/v2\/types\/product"}],"replies":[{"embeddable":true,"href":"https:\/\/bonbonladenundfeines.de\/shop\/wp-json\/wp\/v2\/comments?post=987"}],"wp:featuredmedia":[{"embeddable":true,"href":"https:\/\/bonbonladenundfeines.de\/shop\/wp-json\/wp\/v2\/media\/7150"}],"wp:attachment":[{"href":"https:\/\/bonbonladenundfeines.de\/shop\/wp-json\/wp\/v2\/media?parent=987"}],"wp:term":[{"taxonomy":"product_brand","embeddable":true,"href":"https:\/\/bonbonladenundfeines.de\/shop\/wp-json\/wp\/v2\/product_brand?post=987"},{"taxonomy":"product_cat","embeddable":true,"href":"https:\/\/bonbonladenundfeines.de\/shop\/wp-json\/wp\/v2\/product_cat?post=987"},{"taxonomy":"product_tag","embeddable":true,"href":"https:\/\/bonbonladenundfeines.de\/shop\/wp-json\/wp\/v2\/product_tag?post=987"}],"curies":[{"name":"wp","href":"https:\/\/api.w.org\/{rel}","templated":true}]}}